etermine r(-10).
15
Let b(s) = -s**3 + 16*s**2 - 10*s - 20. What is b(15)?
55
Let c(a) = -a**2 - 7*a + 36. Give c(-11).
-8
Let x(p) = p**3 - 9*p**2 + 4*p + 8. Determine x(8).
-24
Let t(m) = -m**3 + 17*m**2 + 3*m - 6. Give t(17).
45
Let w(q) = -3*q**3 - 55*q**2 - 21*q - 55. Calculate w(-18).
-1
Let z(a) = a**3 + 13*a**2 + 6*a - 23. What is z(-12)?
49
Let p(d) = -20*d - 11. Give p(-3).
49
Let i(o) = -o**3 - 14*o**2 - 13*o - 12. Give i(-13).
-12
Let v(h) = -3*h - 107. What is v(-32)?
-11
Let m(b) = 2*b + 2. Calculate m(0).
2
Let g(v) = -2*v**2 - 23*v + 6. What is g(-12)?
-6
Let q(g) = g**2 + 13*g - 53. Give q(-16).
-5
Let m(j) = j**3 + 3*j**2 + 5*j + 2. Give m(-3).
-13
Let q(y) = 2*y**3 + y**2 + 3*y + 2. Determine q(-1).
-2
Let r(p) = -p**3 + 8*p**2 - 6*p + 2. Give r(6).
38
Let t(u) = u**2 - u + 18. What is t(0)?
18
Let q(w) = -9*w - 57. Give q(-6).
-3
Let v(k) = -k**2 - 2*k. What is v(-4)?
-8
Let v(k) = 7*k + 4. What is v(-5)?
-31
Let u(z) = -z**2 + 19*z - 117. Calculate u(12).
-33
Let n(x) = 2*x + 8. Give n(-9).
-10
Let y(o) = -25*o - 22. Calculate y(3).
-97
Let i(p) = 2*p**2 + 34*p - 4. Give i(-17).
-4
Let b(y) = y**2 + 4*y + 4. Determine b(-6).
16
Let f(h) = h + 5. Give f(-5).
0
Let w(b) = 3*b + 60. What is w(-22)?
-6
Let m(p) = -3*p**2 + 14*p - 6. Determine m(5).
-11
Let r(q) = -q + 6. Calculate r(11).
-5
Let a(z) = 4*z - 15. What is a(-12)?
-63
Let q(u) = u - 4. What is q(-17)?
-21
Let s(a) = a**3 + 2*a**2 - 16*a - 7. Calculate s(-5).
-2
Let a(y) = -2*y**2 + 5*y - 3. What is a(3)?
-6
Let m(x) = x**2 + 10*x - 17. What is m(-12)?
7
Let x(a) = -a**2 - 7*a - 10. Calculate x(-13).
-88
Let k(p) = p**3 - 13*p**2 + 17*p + 21. Give k(11).
-34
Let j(d) = -68*d + 144. What is j(2)?
8
Let t(v) = -v**3 + 7*v**2 + 19*v - 1. Give t(9).
8
Let n(v) = -2*v + 11. Determine n(0).
11
Let n(g) = 2*g**2 + 10*g. Determine n(-7).
28
Let z(w) = 10*w - 5. What is z(1)?
5
Let k(n) = 14*n**2 + 4*n + 2. Determine k(-2).
50
Let y(q) = q - 3. Give y(10).
7
Let c(q) = 11*q + 9. What is c(-3)?
-24
Let s(a) = -a**2 + 6*a + 1. Determine s(7).
-6
Let l(c) = c - 2. What is l(4)?
2
Let s(a) = -a**2 + a + 9. Give s(0).
9
Let p(m) = 21*m + 18. Calculate p(-4).
-66
Let w(d) = -d**2 + 2*d. Determine w(5).
-15
Let m(n) = -11*n + 47. Give m(3).
14
Let j(m) = -12*m - 17. What is j(-6)?
55
Let k(c) = 4*c**2 - c + 3. What is k(4)?
63
Let c(j) = j**3 - 9*j**2 + 12*j + 1. Give c(5).
-39
Let n(l) = l**2 - 13. What is n(0)?
-13
Let n(b) = b**2 + b + 4. What is n(3)?
16
Let p(o) = -25*o**3 - o**2 - o. Give p(-1).
25
Let k(y) = y**2 + 17*y + 16. Calculate k(-16).
0
Let t(f) = -5*f - 31. Calculate t(-8).
9
Let t(n) = 12*n**3 + 1. Give t(-1).
-11
Let s(w) = 2*w**2 + 59*w - 33. Calculate s(-30).
-3
Let h(p) = 4*p + 13. Calculate h(0).
13
Let c(m) = 7*m**3 - m**2 - 5*m - 3. Determine c(3).
162
Let v(y) = 8*y**3 + y**2 + y + 1. What is v(2)?
71
Let t(x) = -x**2 - 9*x - 14. Determine t(-8).
-6
Let v(t) = -t**3 - t**2 + 71*t + 1. Give v(8).
-7
Let a(g) = g**2 - 7*g + 7. Give a(3).
-5
Let o(z) = -7*z + 2. What is o(1)?
-5
Let g(j) = 109*j - 2. Give g(0).
-2
Let t(s) = -s**3 - 10*s**2 - 4*s - 25. Give t(-8).
-121
Let d(k) = -k**2 - 10*k + 4. Calculate d(-11).
-7
Let p(a) = -27*a**2 - 7*a - 3. Determine p(-2).
-97
Let c(w) = -w**3 - 6*w**2 + 26*w - 12. Give c(-9).
-3
Let a(h) = -5*h**2 + 2*h + 26. What is a(-6)?
-166
Let v(x) = -x**3 + 5*x - 13. Determine v(3).
-25
Let c(t) = -t**3 + 9*t**2 - 8*t - 4. Give c(6).
56
Let v(s) = s**2 - 8*s + 5. What is v(9)?
14
Let p(u) = -u**3 + 9*u**2 - 12*u + 17. What is p(7)?
31
Let o(p) = -p**3 + 8*p**2 - 6*p - 2. Calculate o(8).
-50
Let j(u) = -u**2 - 70*u - 708. Calculate j(-58).
-12
Let m(a) = -12*a + 5. Calculate m(2).
-19
Let p(o) = 5*o**3 + o**2 + o - 2. Give p(1).
5
Let f(t) = t**2 + 5*t - 13. Calculate f(-4).
-17
Let c(z) = -z**3 + 13*z**2 - 12*z + 14. What is c(12)?
14
Let k(g) = -g**2 - 19*g + 25. What is k(-20)?
5
Let b(i) = 44*i - 45. Give b(2).
43
Let u(a) = -a**2 + 4*a + 5. Determine u(7).
-16
Let s(o) = -o**2 - 6*o - 1. Give s(-5).
4
Let g(m) = m**2 + 3*m - 26. Give g(-8).
14
Let d(k) = 2*k. Determine d(-8).
-16
Let r(m) = m**2 - m - 38. Determine r(0).
-38
Let m(k) = -k**3 + 7*k**2 + 4*k - 16. Calculate m(7).
12
Let n(i) = i**3 + 9*i**2 - 11*i - 1. Determine n(-10).
9
Let k(b) = b**3 - 6*b**2 - 3. Determine k(6).
-3
Let u(k) = -k**3 + 13*k**2 - 14*k + 10. Calculate u(12).
-14
Let p(i) = -i**3 - 8*i**2 - 6*i + 6. What is p(-7)?
-1
Let a(q) = -13*q - 626. Calculate a(-48).
-2
Let n(c) = 2*c**3 + 1. Calculate n(-2).
-15
Let g(q) = q + 5. What is g(13)?
18
Let z(u) = -u**3 - 5*u**2 - 4*u + 6. Calculate z(-4).
6
Let p(o) = -2*o**2 - 50*o + 100. Calculate p(-27).
-8
Let y(m) = m**3 - 11*m**2 + 20. Calculate y(11).
20
Let i(x) = x**2 - 4*x + 5. What is i(6)?
17
Let x(o) = -4*o + 32. Calculate x(9).
-4
Let z(x) = x**3 + 10*x**2 + 9*x. Give z(-9).
0
Let i(n) = 21*n. Determine i(-1).
-21
Let h(n) = -n**3 - 13*n**2 - 24*n - 11. Give h(-11).
11
Let m(z) = -z**2 + 10. What is m(-8)?
-54
Let q(t) = -t**3 + 11*t**2 + 25*t + 10. Calculate q(13).
-3
Let s(a) = a**2 - 9*a - 11. Give s(12).
25
Let n(c) = 3*c**2 - 2*c + 2. What is n(1)?
3
Let x(s) = -3*s - 13. Determine x(5).
-28
Let p(b) = -3*b**3 - b**2. Give p(-1).
2
Let b(i) = i**2 - 8*i - 48. Calculate b(12).
0
Let h(i) = 4*i + 3. What is h(12)?
51
Let c(s) = -6*s - 8. What is c(-1)?
-2
Let m(u) = -43*u. What is m(-2)?
86
Let r(k) = -19*k - 6. Give r(0).
-6
Let k(x) = -x**3 - x**2 + 6. What is k(0)?
6
Let m(d) = -d**2 - 27*d - 26. Give m(-26).
0
Let g(l) = 7*l - 111. Determine g(20).
29
Let c(s) = s**2 + 2*s + 4. Determine c(-2).
4
Let j(q) = -2*q + 4. Give j(1).
2
Let v(d) = -d**3 + 12*d**2 - 36*d + 280. Give v(11).
5
Let l(d) = d**3 + 15*d**2 - 17*d - 17. Give l(-16).
-1
Let i(k) = -2*k**2 + k - 1. What is i(1)?
-2
Let h(l) = -27*l - 1. What is h(-2)?
53
Let g(v) = 3*v**2 + 32*v + 99. Calculate g(-5).
14
Let s(z) = z**3 - 13*z**2 + z + 10. Give s(13).
23
Let k(b) = -b**3 + 2*b**2 + b + 1. Give k(-2).
15
Let x(f) = f**3 - 23*f**2 - 10. Calculate x(23).
-10
Let g(u) = -5*u + 12. What is g(4)?
-8
Let a(v) = 4*v**2 - 8*v - 20. Determine a(-2).
12
Let n(j) = j**3 - 7*j**2 - 10*j - 12. Determine n(8).
-28
Let i(g) = 3*g + 7. What is i(-4)?
-5
Let b(z) = -7*z - 2. Calculate b(5).
-37
Let t(q) = 2*q**2 - 2. Calculate t(3).
16
Let v(c) = -c**2 + 34*c + 48. Determine v(36).
-24
Let f(b) = b**3 + 8*b**2 + 12*b - 2. Determine f(-6).
-2
Let p(d) = -13*d - 345. Calculate p(-27).
6
Let y(a) = a**2 + 5*a - 335. What is y(-21)?
1
Let h(l) = -14*l - 276. Determine h(-19).
-10
Let p(b) = -b**3 + 5*b**2 - b. What is p(5)?
-5
Let z(m) = -2*m + 21. Determine z(7).
7
Let f(l) = -4*l + 4. Give f(2).
-4
Let u(x) = -x**3 + 9*x**2 + 15*x - 21. What is u(11)?
-98
Let w(n) = -2*n - 1. Calculate w(5).
-11
Let r(x) = x**2 + 11*x. Determine r(-14).
42
Let b(s) = -15*s**2 + 3*s - 4. What is b(1)?
-16
Let q(k) = k**3 + 14*k**2 - 9*k + 84. What is q(-15)?
-6
Let x(h) = -38*h + 58. Give x(2).
-18
Let i(q) = q**2 + 13*q + 20. What is i(-9)?
-16
Let n(h) = 6*h - 1. What is n(4)?
23
Let z(v) = -6*v - 57. Give z(-6).
-21
Let x(u) = 2*u**2 + 32*u - 94. What is x(-19)?
20
Let g(z) = -z**3 - 2*z**2 + 3*z + 9. Determine g(-3).
9
Let w(l) = -2*l**3 - 4*l**2 + l + 2. Calculate w(2).
-28
Let o(l) = -l**3 - 2*l**2 - 4*l + 49. What is o(6)?
-263
Let d(r) = -r**3 - 4*r**2 - 2*r + 1. Determine d(-3).
-2
Let k(v) = v - 28. What is k(11)?
-17
Let o(w) = 15*w - 40. Give o(9).
95
Let o(a) = 11*a - 303. Determine o(29).
16
Let w(r) = r - 7. What is w(6)?
-1
Let g(d) = -4*d**2 - 2*d + 4. Give g(-3).
-26
Let l(b) = b + 22. What is l(-19)?
3
Let w(v) = -v**2 + 14*v + 20. Give w(16).
-12
Let l(o) = o**2 + 7*o - 18. Give l(-10).
12
Let b(w) = -w**3 + 9*w**2 + 2*w + 12. What is b(9)?
30
Let h(p) = p + 2. Calculate h(-7).
-5
Let n(p) = p**2 + 5*p + 7. Calculate n(-5).
7
Let s(q) = q**2 - q. Calculate s(-1).
2
Let u(k) = 3*k**2 + 50*k + 31. Determine u(-16).
-1
Let v(b) = 18*b + 11. What is v(6)?
119
Let q(g) = 4*g - 3. What is q(-1)?
-7
Let u(r) = -2*r**2 + 19*r - 15. Determine u(13).
-106
Let a(u) = 2*u - 3. What is a(3)?
3
Let o(r) = -r**2 - 3*r + 27. Give o(-6).
9
Let p(h) = -h**2 - 13*h - 48. Determine p(-7).
-6
Let d(p) = -p**3 - p**2 + 4. Give d(2).
-8
Let s(l) = l*